5277
List the prime factors of 2525338.
2, 1262669
List the prime factors of 1099393.
1099393
What are the prime factors of 4232440?
2, 5, 19, 5569
List the prime factors of 562964.
2, 140741
What are the prime factors of 13559341?
13559341
What are the prime factors of 2783738?
2, 31, 59, 761
List the prime factors of 161414.
2, 11, 23, 29
List the prime factors of 145038.
2, 3, 23, 1051
List the prime factors of 764053.
764053
List the prime factors of 14332127.
14332127
List the prime factors of 278604.
2, 3, 71, 109
List the prime factors of 2975.
5, 7, 17
List the prime factors of 19535057.
17, 479, 2399
What are the prime factors of 6341359?
739, 8581
List the prime factors of 7085454.
2, 3, 29, 43, 947
List the prime factors of 320128.
2, 41, 61
What are the prime factors of 339707?
339707
List the prime factors of 5689170.
2, 3, 5, 19, 1109
List the prime factors of 190923.
3, 23, 2767
What are the prime factors of 3007409?
3007409
List the prime factors of 8921867.
8921867
What are the prime factors of 19733018?
2, 9866509
List the prime factors of 4511164.
2, 7, 367, 439
What are the prime factors of 1459256?
2, 47, 3881
What are the prime factors of 5022909?
3, 197, 2833
What are the prime factors of 2620477?
2620477
What are the prime factors of 352090?
2, 5, 137, 257
List the prime factors of 60149.
60149
List the prime factors of 427828.
2, 106957
List the prime factors of 21621752.
2, 2702719
What are the prime factors of 5864110?
2, 5, 7, 83773
List the prime factors of 11927220.
2, 3, 5, 137, 1451
List the prime factors of 1687888.
2, 31, 41, 83
List the prime factors of 150286.
2, 163, 461
What are the prime factors of 21026519?
21026519
List the prime factors of 6206856.
2, 3, 107, 2417
What are the prime factors of 26950487?
3079, 8753
List the prime factors of 12006143.
53, 226531
What are the prime factors of 387198?
2, 3, 7, 439
List the prime factors of 13502265.
3, 5, 7, 23, 5591
What are the prime factors of 2013831?
3, 223759
What are the prime factors of 21067718?
2, 7, 167, 9011
What are the prime factors of 2297449?
7, 11, 29837
List the prime factors of 296484.
2, 3, 31, 797
List the prime factors of 3984541.
11, 359, 1009
List the prime factors of 3286178.
2, 7, 234727
What are the prime factors of 8971326?
2, 3, 7, 13, 5477
What are the prime factors of 823848?
2, 3, 34327
List the prime factors of 175668.
2, 3, 14639
What are the prime factors of 3588734?
2, 17, 59, 1789
List the prime factors of 95826.
2, 3, 15971
What are the prime factors of 5073333?
3, 499, 3389
List the prime factors of 223087.
223087
List the prime factors of 1108226.
2, 7, 79159
What are the prime factors of 525149?
61, 8609
What are the prime factors of 4711304?
2, 13, 89, 509
What are the prime factors of 1086105?
3, 5, 61, 1187
List the prime factors of 215495.
5, 7, 47, 131
List the prime factors of 173804.
2, 43451
What are the prime factors of 16882720?
2, 5, 105517
List the prime factors of 3140446.
2, 47, 33409
What are the prime factors of 946321?
41, 23081
What are the prime factors of 2441353?
17, 143609
List the prime factors of 2218945.
5, 151, 2939
What are the prime factors of 4136447?
7, 590921
What are the prime factors of 724970?
2, 5, 72497
What are the prime factors of 292600?
2, 5, 7, 11, 19
List the prime factors of 263819.
263819
What are the prime factors of 150229?
17, 8837
List the prime factors of 217804.
2, 17, 3203
List the prime factors of 95629.
95629
What are the prime factors of 28504639?
28504639
List the prime factors of 336103.
336103
List the prime factors of 203408.
2, 12713
List the prime factors of 926767.
926767
List the prime factors of 1924912.
2, 11, 10937
List the prime factors of 1930845.
3, 5, 7, 37, 71
List the prime factors of 1105493.
17, 65029
List the prime factors of 587157.
3, 19, 10301
What are the prime factors of 17354620?
2, 5, 17, 51043
What are the prime factors of 3453459?
3, 19, 43, 1409
List the prime factors of 763191.
3, 11, 13, 593
List the prime factors of 3184774.
2, 1592387
What are the prime factors of 206596?
2, 13, 29, 137
What are the prime factors of 6388118?
2, 11, 290369
List the prime factors of 5810913.
3, 83, 2593
What are the prime factors of 294956?
2, 19, 3881
List the prime factors of 1821110.
2, 5, 182111
List the prime factors of 1782062.
2, 197, 4523
List the prime factors of 13905530.
2, 5, 19, 163, 449
What are the prime factors of 1933136?
2, 19, 6359
What are the prime factors of 13206792?
2, 3, 550283
List the prime factors of 317128.
2, 7, 809
List the prime factors of 566736.
2, 3, 11807
List the prime factors of 23416531.
17, 19, 72497
What are the prime factors of 164728?
2, 59, 349
What are the prime factors of 73101?
3, 7, 59
What are the prime factors of 5093378?
2, 61, 83, 503
What are the prime factors of 351216?
2, 3, 271
What are the prime factors of 2124519?
3, 73, 89, 109
What are the prime factors of 73256?
2, 9157
What are the prime factors of 90082?
2, 73, 617
What are the prime factors of 5138186?
2, 2569093
What are the prime factors of 256575?
3, 5, 11, 311
List the prime factors of 12522.
2, 3, 2087
List the prime factors of 97334.
2, 41, 1187
What are the prime factors of 1716524?
2, 17, 25243
What are the prime factors of 11257061?
31, 211, 1721
List the prime factors of 2150234.
2, 29, 131, 283
List the prime factors of 47886.
2, 3, 23, 347
List the prime factors of 1073976.
2, 3, 73, 613
What are the prime factors of 3113763?
3, 23, 45127
List the prime factors of 3948101.
3948101
What are the prime factors of 63490?
2, 5, 7, 907
What are the prime factors of 885673?
67, 13219
List the prime factors of 301494.
2, 3, 109, 461
List the prime factors of 455950.
2, 5, 11, 829
What are the prime factors of 239944?
2, 89, 337
What are the prime factors of 2149520?
2, 5, 97, 277
List the prime factors of 579286.
2, 289643
List the prime factors of 10822942.
2, 13, 547, 761
What are the prime factors of 1523529?
3, 7, 2687
List the prime factors of 1025433.
3, 163, 233
What are the prime factors of 277583?
139, 1997
What are the prime factors of 10098540?
2, 3, 5, 18701
List the prime factors of 234822.
2, 3, 7, 5591
List the prime factors of 17305934.
2, 587, 14741
List the prime factors of 10496.
2, 41
What are the prime factors of 5414968?
2, 13, 52067
What are the prime factors of 1641662?
2, 11, 71, 1051
List the prime factors of 2930219.
2930219
What are the prime factors of 58197?
3, 19, 1021
List the prime factors of 233961.
3, 7, 13, 857
What are the prime factors of 1545048?
2, 3, 23, 311
What are the prime factors of 222203?
23, 9661
List the prime factors of 929211.
3, 309737
What are the prime factors of 194278?
2, 7, 13877
List the prime factors of 17132075.
5, 109, 6287
List the prime factors of 230847.
3, 76949
What are the prime factors of 1641053?
1641053
List the prime factors of 104817.
3, 34939
What are the prime factors of 886732?
2, 7, 11, 2879
What are the prime factors of 7039154?
2, 67, 131, 401
List the prime factors of 64332.
2, 3, 1787
What are the prime factors of 9083211?
3, 3027737
List the prime factors of 246855.
3, 5, 7, 2351
What are the prime factors of 21532834?
2, 2339, 4603
List the prime factors of 129045.
3, 5, 7, 1229
What are the prime factors of 366366?
2, 3, 7, 11, 13, 61
What are the prime factors of 973293?
3, 324431
What are the prime factors of 66827?
17, 3931
List the prime factors of 187431.
3, 62477
List the prime factors of 18300698.
2, 13, 703873
List the prime factors of 402332.
2, 7, 14369
What are the prime factors of 2638307?
7, 23, 2341
List the prime factors of 12507777.
3, 154417
What are the prime factors of 372506?
2, 186253
List the prime factors of 374376.
2, 3, 19, 821
List the prime factors of 97091.
79, 1229
What are the prime factors of 5650?
2, 5, 113
What are the prime factors of 13329188?
2, 3332297
What are the prime factors of 8859847?
109, 81283
List the prime factors of 203840.
2, 5, 7, 13
List the prime factors of 1117520.
2, 5, 61, 229
List the prime factors of 83300.
2, 5, 7, 17
What are the prime factors of 4498890?
2, 3, 5, 11, 13633
List the prime factors of 22632564.
2, 3, 1886047
List the prime factors of 791862.
2, 3, 271, 487
List the prime 